te (5 - -8) + (-19 - 4).
-10
Evaluate (-16 - -4) + (-165 - -179 - (0 - -8)).
-6
What is the value of -7 + (-5 - (6 - 13)) + 7 + -10?
-8
What is the value of 32 + 2 + -9 + -9 + 0?
16
What is 3 - 3 - 0 - (3 - -1 - 7)?
3
What is (-2 - -7 - 0) + -5 - -2?
2
Calculate 0 - -12 - ((-27 - 17) + 43).
13
Evaluate 256 + -263 + 7 + 1 + -2.
-1
What is 18 - (-6 - 6 - -40)?
-10
What is the value of 7 + (-24 - 2) + (2 - (-4 + 8))?
-21
23 + 5 + -15 - 14
-1
What is the value of (-42 + 16 + 14 - -10) + 36?
34
Evaluate 4 + 1 - (-13 + 33 + -14).
-1
What is the value of 8 - (3 - (3 + 1) - 3)?
12
What is 0 + 7 - ((8 - 13) + 16 - 19)?
15
What is the value of 0 - 12 - (-1163 + 1166)?
-15
17 - (-72 + 86 - (0 - -8))
11
Calculate 3 - -10 - 16 - (2 - (1 - 3)).
-7
(27 - 56) + (8 - ((3 - 3) + -1))
-20
Evaluate 1 + (-10 + 20 + -31 - -12).
-8
Calculate -10 + 11 - (-13 - (-5 - -9)).
18
(22 - 13) + -6 + (0 - -4) - 27
-20
Calculate -21 + -2 + 7 + 2.
-14
Evaluate (-54 - -55) + (0 - -5).
6
Evaluate (6 - -1) + (16 - 15 - 7).
1
What is the value of (-21 - 8) + 29 + -9?
-9
Evaluate -9 + (15 + 1 - (28 + -19)).
-2
What is (2 - 5) + (-6 - (-6 - -1))?
-4
What is the value of 14 + -12 + -7 - (1 + -18 - -1)?
11
What is -1 - 1 - (28 - (44 + -22))?
-8
What is 20 - (42 + (9 - 35))?
4
What is the value of (-1 - -10) + (22 - (27 + 4)) + 14?
14
Calculate (-152 + 155 - (-25 + 1)) + 1 + -9.
19
6 + 32 + (-11 - 14)
13
What is the value of 39 + 0 + (-322 - -297)?
14
What is 5 + 1 + (66 - 73)?
-1
What is the value of 7 - (57 + -12 + -14)?
-24
-7 + 18 + (-16 - -28)
23
Evaluate -7 - -4 - 5 - (62 + -67).
-3
What is the value of (-1 - (2 + (-1 - (5 - 1)))) + 3?
5
What is -22 + 20 + 19 - 35?
-18
Calculate (1 - (-3 + 1)) + -12 + 76 + -35.
32
What is -13 - (-7 - -6) - 5 - -10?
-7
9 + -9 + -9 + 38 + 4 - 4
29
Calculate -20 - ((-31 - -6) + 3).
2
Evaluate -1 - (-4 + (11 - 12)).
4
What is 5 - ((-8 - (-26 - -4)) + 24)?
-33
What is 52 + 1 - (588 + -556)?
21
What is the value of 1 + (-2 - (6 + -3 + 0) - 1)?
-5
Evaluate -15 + -2 + 18 - (3 + -5).
3
What is -5 + -1 + (-2 - (-4 + -9 - -12))?
-7
What is the value of (-23 - -17 - (0 - -1 - -2)) + 0?
-9
What is (-3 - -5) + (-19 - (-18 + 9)) + -7?
-15
What is (8 - -19) + -20 - (30 - 1)?
-22
What is the value of (-2 - 5) + 4 + 14 + -30 - -4?
-15
What is the value of 1 - (5 + (-55 - -51) + (-1 - 3))?
4
What is (-14 - -11) + 30 - 17?
10
What is the value of ((7 - -5) + 17 - 0) + -10?
19
Evaluate -15 + (-16 - (-17 + 3)).
-17
Evaluate (-5 - (-2 - 5)) + 29 + -9.
22
Evaluate -261 - -252 - (-16 + -3 + 4 - -1).
5
What is the value of 1 + 14 - (48 + -63 + 9)?
21
Evaluate -37 + (-17 - -7 - -31).
-16
Evaluate (1 - -7) + -15 - 1.
-8
What is the value of -19 - (-10 + -19 + 22)?
-12
Calculate 6 + -1 + 7 + -10 + -10.
-8
What is 4 + -31 + -4 + 1 - -2?
-28
Evaluate (6 - (1 - (-2 - 0))) + -4 + -3.
-4
Evaluate 5 + 1 + (6 + 7 - 7 - 9).
3
-5 - (-7 - 4 - (0 - 7))
-1
Evaluate -20 + 11 + -27 + (1 + 4 - -1).
-30
What is the value of -53 - 12 - -45 - (-12 + 0)?
-8
3 + -5 + -17 + (14 - -1)
-4
Calculate 8 - (1 + 2 - (-63 + 60)).
2
(-1 + 2 - (-16 + 18) - -1) + 5
5
What is 13 + -33 - -16 - -6?
2
(2 - 3) + -107 + 125 + -10 + -2
5
Evaluate -1 - -14 - (-137 + 184) - (-9 - -2).
-27
What is the value of 3 + -7 + (5 - -4) + 16 + -8?
13
What is (4 - (8 + (-3 - 5))) + -1?
3
Evaluate -19 + 2 + 8 - -12.
3
Calculate -2 - ((-23 - 8 - -40) + 0 + -21).
10
What is 2 + (0 - -1) + 23 + (11 - 12)?
25
Calculate 3 + (-19 - -9) + 10 + -6.
-3
What is 17 - ((19 - 23) + (0 + 2 - -8))?
11
What is (3 - 18) + (17 - (-9 + 20))?
-9
Evaluate -16 - (-35 + 5 + 15).
-1
Evaluate (9 - (15 - 2)) + -16 + 13.
-7
What is the value of 6 + 2 + -2 + -9 - 0?
-3
What is 3 - (1 - -2 - -7) - (143 + -147)?
-3
12 - (2 - -2 - (-17 + 11) - 5)
7
Calculate (-1 - 9 - 25) + 8.
-27
Evaluate (-1 - 11) + (22 - 23) + 18.
5
Calculate 7 + (6 - (1 - -1)).
11
Evaluate 32 - (23 + -2 - -39).
-28
Calculate (5 - (-5 + 12)) + -6 - -5.
-3
What is the value of 6 + (-14 - (-19 - -5)) - -7?
13
33 + -17 + 3 - (-2 + (3 - 7))
25
Evaluate -13 + (30 - 2) - 34.
-19
37 + -37 + -3 - -21
18
Calculate 10 - (-2 + -7) - (1 + 1 + -4).
21
0 + (3 - (10 + (2 - 16)))
7
5 - (-19 + 2 + 13)
9
Calculate 9 + -11 + 11 - 16 - -15.
8
What is 0 + 5 + 27 + -43 + (9 - 3)?
-5
Calculate (-1 - 4) + (21 - 34) + 16.
-2
What is the value of 23 + -55 + (4 - -9) - (-1 - 0)?
-18
What is the value of 39 - (-27 - (-8 - 50))?
8
What is the value of -10 + (-1 - 0) + (-12 - -7) + 32?
16
Evaluate 37 + -31 + 12 + -7 + 11.
22
What is the value of (-27 + -25 - -28) + (0 - 3) + -2?
-29
Evaluate (17 - -3) + (-168 - -136).
-12
732 + -701 - (26 - 1)
6
1 + -12 - (1281 + -1262)
-30
0 - (9 - (-4 + -6 + 6))
-13
Evaluate (0 - 2) + (-1312 - -1296).
-18
Calculate (57 - 21 - 9) + -16.
11
-11 + (4 + -12 - (26 + -31))
-14
What is 19 + (4 - (-20 - -13) - 54)?
-24
What is the value of 11 + -17 + (17 - 5)?
6
What is -33 - -37 - -2 - (5 + -1)?
2
What is -1 - (-3 + 10 + 3 - 6) - 4?
-9
What is the value of -30 - -14 - -12 - (-1 + -15 + 1)?
11
Calculate 0 - 1 - (-5 - 0 - (2 + -5)).
1
What is the value of -15 + -7 + 8 + -1?
-15
-2 + 1 + -9 + (496 - 468)
18
53 - 7 - (-5 + (-6 - -27))
30
Evaluate -18 + (25 + -8 + -4 - 5).
-10
Calculate 3 - (-14 + 4 - (-8 - -5)).
10
What is (-12 - 20) + 8 + -7?
-31
What is the value of (6 - -3 - 5) + 10?
14
Evaluate (-13 - (-20 + 17 + -7)) + -14.
-17
3 - (7 - 6) - -16 - (3 - 1)
16
What is the value of (-1 - -24) + -488 + 466?
1
What is (40 + 4 - 29) + -41?
-26
What is (0 + 1 + -7 - (644 - 646)) + 9?
5
Calculate -1 + 5 - (-19 + (-5 - 0) + 2).
26
(-3 - (6 - 2)) + (41 - 16)
18
Calculate (34 - 24 - -4) + 1.
15
Calculate 7 + (6 - 3 - (10 + 8)) + -5.
-13
Evaluate 8 - 39 - -15 - 1 - -32.
15
What is the value of 0 - 3 - -14 - (-6 + -5 + 2)?
20
What is the value of (-14 + 4 - -2) + (0 - -1 - 5)?
-12
What is the value of 0 - (28 + -27) - (-11 + 1)?
9
4 + 5 + (-7 - -5) + (-8 - -1)
0
Evaluate -16 - (1 + -7 - (209 + -221)).
-22
What is (-15 - (-9 - -11 - 31)) + 1 + -2?
13
-120 + 70 + 42 + 2
-6
Calculate -12 - (-4 + (-7 - -3)) - (5 - 2).
-7
Evaluate 35 + (-16 - -9) - 17.
11
What is the value of -7 - -7 - (-60 - -46)?
14
Calculate 13 + -12 + 25 + -25.
1
Evaluate -20 + (9 - (2 + (10 - 10))).
-13
4 - (-19 - (-7 - (-9 - -10)))
15
What is the value of -5 + 16 + (-13 - 1)?
-3
Calculate -8 + (-16 - 1) + 30.
5
What is (4 - (0 + 3)) + (-6 - -1)?
-4
Calculate -53 - -65 - ((12 - 7) + 6).
1
Calculate (-5 - -4) + -8 - -21.
12
-25 + (-3 - (-5 + -3)) + (4 - -1)
-15
Calculate -2 - (-16 + 23 - -12 - 3).
-18
41 + -34 - ((4 - 9) + 7)
5
Calculate -1 + -16 + (643 - 643).
-17
What is the value of -21 - (-97 + 111 + (0 - 8) - 6)?
-21
What is 0 + 40 + (-213 - -193)?
20
Evaluate -18 - (-26 - -19) - -17.
6
What is (3 + -7 - -5) + (-2 - 2 - -15)?
12
What is 1 - 8 - (-1 - -1) - (2 - 15)?
6
What is the value of 3 - (-12 - (-15 + (9 - -6 - 7)))?
8
777 + -761 - (-1 - -4)
13
-18 + 4 + 13 + -15
-16
-9 - ((19 - 21 - (-11 + 3)) + -4)
-11
Calculate 15 - (-7 + 1 - (-18 - -12) - -6).
9
Evaluate -2 + 29 + -5 + -11 + -13.
-2
-3 + 4 - 1 - (17 + -8)
-9
What is -7 + 2 + (14 - 10 - -18 - 8)?
9
Calculate (1 - 1) + 6 + -20 + 19 + 8.
13
-7 - -1 - -23 - ((2 - -3) + -3)
15
What is the value of 0 - ((-4 - -4 - -7) + -15)?
8
20 - (4 + 9) - (-1 + -4)
12
What is the value of -4 - 6 - -15 - (21 - -5 - 6)?
-15
What is 3 + 27 + -7 + -20?
3
Calculate 47 - (-19 - -47 - 5).
24
(10 + (-13 - 7) - 16) + 14
-12
Calculate 270 - 287 - (1 - 12).
-6
Evaluate 9 + (-1 - -7) + -17 + 4 + -1.
1
Calculate 3 - 2 - -4 - (-47 - (-85 - -31)).
-2
Evaluate 10 + -12 + (-25 - 1) - (-207 - -203).
-24
What is the value of -5 - (-21 + (-1 - 0) + (89 - 89))?
17
What is 24 + 1 - (-1 - -6)?
20
What is the value of -10 + -8 + 70 + -43?
9
What is the value of 6 + (0 - 1) + 0 + (-6 - -10)?
9
-7 + (-8 - (18 + -12))
-21
What is the value of (2 - 7) + (5 - 4)?
-4
What is 10 + -8 + (-13 - -15)?
4
Calculate -3 - (7 + -3 - -12) - (6 + 2).
-27
-41 + 51 + 1 + 15
26
What is 0 - -27 - (-14 - (-20 - -13))?
34
Calculate (-1 - -1) + 36 + -46 - (11 + -18).
-3
-18 - (-13 + (-20 - -22))
-7
Evaluate -3 - (-14 - (-2 - 1) - (-6 + -1)).
1
What is the value of 0 + 5 - (-1415 + 1390)?
30
8 + -3 + 10 + -13 + -17
-15
-8 - (-4 + -21) - -11
28
-2 + (2 - (-8 + 4)) + (-4 - -9)
9
What is (-25 - (-14 - -10)) + 8?
-13
-14 + (7 - -9) + -10